 - 3*l + 362, -f + 6*f + l - o = 0. What is the units digit of f?
1
Let f be (-3 - 17/(-5))*(-2266 + 1). Let a = f - -1660. What is the units digit of a?
4
Suppose 3*m = -0*m - 2*h + 1715, -4*m = 4*h - 2292. Suppose -4*n - 560 = -i, 3*i + n + m = 4*i. What is the hundreds digit of i?
5
Suppose 0 = 51*k - 56*k + 10. Suppose -k*b = 11 - 23. Suppose -b*v + 107 = -133. What is the units digit of v?
0
Suppose 113*u + 14 = 120*u. Let r(j) = 145*j**2 + 3. What is the hundreds digit of r(u)?
5
Suppose 153*t - 145*t - 240 = 0. Suppose 38*h - t*h - 960 = 0. What is the tens digit of h?
2
Suppose 0 = -272*h + 203*h + 3787962. What is the ten thousands digit of h?
5
Suppose 15 = 3*g - 0*g. Suppose 2*s - 2*b = s + 2, -5*b = -2*s + 3. Suppose g = s*d - 59. What is the units digit of d?
6
Suppose 8*x - 12*x + 12424 = -2*z, 4*z - 12436 = -4*x. What is the units digit of x?
7
Let b be (-2402 - (4 + 12/(-3)))/(-1). Suppose b = 2*a - 1478. What is the hundreds digit of a?
9
Suppose 156899 = 34*x - 97863. What is the thousands digit of x?
7
Let s = 115 - 115. Suppose -9*i - 11085 - 5340 = s. What is the tens digit of (-2)/(-12) - i/30?
6
Suppose -3*b - 56586 = -0*b - 230190. What is the ten thousands digit of b?
5
Suppose 4*f - 2328 = -8*f. Let b be (f/(-4) - -5)/((-2)/20). Suppose -75 = 3*h - b. What is the units digit of h?
0
Let o(z) = 3*z**2 + 8*z + 32. Let t be o(6). What is the thousands digit of 200361/t + (-2 - 18/(-8))?
1
Suppose 6*h = 3*h + 4*m + 508, -4*h = -3*m - 689. Suppose -h*u + 534 = -174*u. What is the tens digit of u?
6
Suppose -4*p = 3*g - 2378, -2*g - 305*p = -303*p - 1582. What is the units digit of g?
6
Suppose 5*m = n - 1911, -31*n + 29*n - 5*m + 3867 = 0. What is the thousands digit of n?
1
Let p(z) be the first derivative of 417*z**4/2 + z**3 - 3*z**2/2 + z + 165. What is the hundreds digit of p(1)?
8
Let l = 87 + -80. Suppose 896 = -3*u + l*u. What is the hundreds digit of u?
2
Suppose 2*o - 9*h + 6 = -11*h, 0 = -3*o + 5*h - 1. Suppose 2631 = -4*r + 535. What is the tens digit of (1 - 0)/(o/r)?
6
Suppose 2*s - 1478 = 10022. What is the units digit of s/15 + (-7)/21?
3
What is the tens digit of 12327 + (-1 - 0) + 637 + -643?
2
Let j = -4 - -9. Let y(p) = -p**2 - 29*p + 29. Let n(k) = k**2 + 14*k - 15. Let c(u) = j*n(u) + 3*y(u). What is the tens digit of c(12)?
9
Let m be (-2 + 4)*46/4. Suppose 6 - m = -c. Suppose -c + 18 = l. What is the units digit of l?
1
Suppose -5*q = v - 259586, 324377 = 5*q + 3*v + 64779. What is the ten thousands digit of q?
5
Suppose -3*r + 5*w + 2 = 5, -r = 5*w - 19. Suppose -r*k = 4*k - 16. What is the units digit of 45 - (-1 - 4/k)?
8
Let o be (-9)/(-4) - (-15)/(-60). Suppose -3*t = -20*k + 23*k - 1266, o*k = 3*t - 1266. What is the tens digit of t?
2
Let d(t) = 4537*t + 887. What is the units digit of d(4)?
5
Suppose -170*k + 39*k = 128*k - 4984196. What is the hundreds digit of k?
2
Let s = -26 + 107. Suppose 3 = 3*t, -5*t = 3*y - 839 + 186. Let w = y - s. What is the units digit of w?
5
Let h be 6/9*-2*-3. Suppose -h*l + 6*m - 4*m + 1578 = 0, 2*m = 2. What is the units digit of l?
5
What is the hundreds digit of -17 + (18 - (-1051072)/22)?
7
Let j be ((-108)/81)/((-2)/1347). Suppose -357 - j = -5*r. What is the tens digit of r?
5
Let g be (76/(-2))/(2/(-4)). Let l = g - -949. What is the tens digit of l?
2
Suppose -1672*z - 8838 = -1678*z. What is the thousands digit of z?
1
Let z = 6336 + -4340. What is the units digit of z?
6
Let i(t) = t**3 - 11*t**2 + 12*t - 15. Let c be i(10). Suppose -c*u + 0*u = 0. Suppose 5*k - 10*k + 495 = u. What is the units digit of k?
9
Let v(y) = 1214*y + 198. What is the thousands digit of v(6)?
7
Suppose 3*u - 43378 = 5*v + 4*u, -u + 34706 = -4*v. What is the units digit of 5/(-3) - v/54?
9
Let m = -4325 - -6315. What is the thousands digit of m?
1
Suppose -3*p = -f + 183 + 606, -798 = 3*p + 2*f. Let a = 20 - p. What is the units digit of a?
4
Suppose 0 = g - 0*g + 5. Let s(v) be the second derivative of -v**5/10 - 7*v**4/12 + v**3/3 - 3*v**2/2 + 252*v. What is the units digit of s(g)?
2
Let s be (-476)/(-6) - (-14)/21. Let d = s + -77. Suppose 2*x = d*j + 365, -2*x - 2*j - 185 = -3*x. What is the units digit of x?
5
Suppose -45801 + 4538 = -51*j + 30647. What is the units digit of j?
0
Suppose 10*z - 556 - 304 = 0. Let a = 89 - z. Suppose a*t - 4*p = 480 - 41, -t + p + 148 = 0. What is the units digit of t?
3
Let w(o) = -13*o**3 - 2*o**2 + 2*o + 23. What is the hundreds digit of w(-7)?
3
Let g(x) = 6*x + 10. Let a be g(12). Let z(u) = -14*u**2 + 8*u**2 + a + 7*u**2 + 0*u**2. What is the units digit of z(0)?
2
Suppose -182*s + 181*s + 4923 = 0. What is the tens digit of s?
2
Let t(j) = j**3 + 4*j**2 - 13*j + 10. What is the tens digit of t(4)?
8
Let t(f) = -25*f**3 - 23*f**2 - 16*f - 41. What is the thousands digit of t(-11)?
0
What is the hundreds digit of 117230/50 + (-6)/5*39/78?
3
Let i = 40639 - 20061. What is the thousands digit of i?
0
Suppose -2*s = -3 + 11. Let o(y) = -y**2 + 97*y + 1. Let u(p) = -p**2 - 17*p - 1. Let j(n) = -o(n) - 5*u(n). What is the tens digit of j(s)?
4
Suppose 5*f - 4*x = 11678, -3*x = -4*f + 2*x + 9346. What is the units digit of ((-12)/8 - -2)/(3/f)?
9
What is the units digit of (-145 - -184)/(3/419)?
7
Suppose 0*o - 66 = -o. Let a = o + -21. Let x = -21 + a. What is the tens digit of x?
2
Suppose 5*i + 5*t = -20, 0*i + 4*t = 4*i + 8. What is the hundreds digit of (189/1)/(i/(-10)) - -1?
6
Let r(b) be the first derivative of b**3 - b**2 - 2*b - 27. Let c be r(-1). Suppose 5*t = 5*q + 810, c*q = -4*t + t + 456. What is the tens digit of t?
5
Let o = -764 + 5478. What is the hundreds digit of o?
7
Let o = 494 - 485. Suppose o*v - 1403 = 5446. What is the tens digit of v?
6
Let o(u) = 2*u**3 - 20*u**2 - 56*u - 568. What is the units digit of o(28)?
8
Let w = -5 - -8. Suppose 2*g - 11 = p - 4, 12 = -p + w*g. Suppose s + 2*k + 7 = 80, -p*k + 9 = 0. What is the tens digit of s?
6
Suppose 0 = -4*i + 12, 3*d - i = 328 + 19277. What is the units digit of d?
6
Let q = -62798 + 152005. What is the thousands digit of q?
9
Suppose 5*f - 143727 = -2*l, -5*f + 0*l + 2*l = -143723. What is the tens digit of f?
4
Suppose -26612 = -18*g - 8324. What is the units digit of g?
6
Suppose 5*r = -2*l + 12, l = -r + 1 + 2. Suppose -c = -r*x + 3, -2*x + 4*x = -8. Let u(k) = -k**2 - 17*k - 5. What is the tens digit of u(c)?
6
Suppose 1982 = 11*p - 22779. What is the units digit of p?
1
Let n = 7849 - -5395. What is the ten thousands digit of n?
1
Let h = -2078 + 519. Let t = -1032 - h. What is the units digit of t?
7
Let q(n) = -26*n + 12. Let y be q(-9). Suppose 4*c = -8, 0 = -2*m - 6*c + 8*c + y. What is the tens digit of m?
2
Suppose 2*h + 5*p = 61, -95 = -3*h - 8*p + 4*p. Let x = 38 - h. Suppose x*g - 10*g + 55 = 0. What is the tens digit of g?
1
Let j(n) be the first derivative of 8*n**3/3 + 33*n**2/2 - 3*n - 16. Let c be j(-8). Let g = 374 - c. What is the hundreds digit of g?
1
Let w(j) = -9*j + 19. Let m be w(-5). Let b = m - 58. Suppose 1017 = b*u + 237. What is the tens digit of u?
3
Let u = -1402 + 2485. What is the hundreds digit of u?
0
Let w(f) = -3*f**3 + 2*f + 3. Let c be w(-2). Let b = -20 + c. Suppose 0 = -3*q + b, -2*j + 4*q + 526 = 3*j. What is the tens digit of j?
0
Let a(y) = y**3 - 21*y**2 + 37*y - 4. Let o be a(18). Let z = 1560 + o. What is the units digit of z?
0
Let a(g) = 2*g**3 - 23*g**2 + 13*g + 11. Suppose 2*s + 47 = 1. Let d be 108/10 - 4/(s - -3). What is the units digit of a(d)?
3
Suppose -4*a + 322447 = 5*y, 8351 = 3*y - 2*a - 185126. What is the ten thousands digit of y?
6
Suppose -k - 5 = o, -5*k + 4*k - 25 = 5*o. Let u = -2273 + 2275. What is the units digit of 255 - (u + k - 0)?
3
Let i(f) = 245*f**2 - 58*f + 4. What is the hundreds digit of i(4)?
6
Let r(n) = n**2 + 16*n + 25. Suppose h + 4*s - 10 = -0*h, -5*s = -4*h - 23. Let x be (h - -3)*(4 + -23). What is the tens digit of r(x)?
8
Let m(z) = -43 - 16*z - 52 + 71. Let u = -23 - -17. What is the tens digit of m(u)?
7
Let w(n) = -n**3 + 46*n**2 - 86*n + 412. What is the units digit of w(33)?
1
Suppose 34*b = 459281 + 138133. What is the units digit of b?
1
Suppose -77*m + 200988 = -584566. What is the units digit of m?
2
Suppose -2*q - 59796 = -2*x, -5*q - 4690 = 4*x - 124